 - 0*z - 3*s. What is the greatest common factor of z and 52?
13
Let g = -31 + 22. Let q be 3/2*(-132)/g. Calculate the highest common factor of 2 and q.
2
Let p = -35 + 40. Calculate the highest common divisor of p and 35.
5
Let m(c) = c + 18. Let x be m(-8). Calculate the greatest common factor of x and 4.
2
Let u(p) = p**2 + 6*p + 7. Let v be u(-7). Let y(s) = 15*s + 5. Let m be y(6). Let d = -67 + m. Calculate the highest common factor of d and v.
14
Let h = -7 + 12. Suppose -4*z + h*a + 447 = 0, 2*a = z - 0*z - 114. Calculate the greatest common factor of z and 12.
12
Suppose d = -0*d. Suppose -5*s + 4*i + 0*i + 268 = d, 5*i = 3*s - 153. What is the greatest common factor of s and 8?
8
Let a = 206 - 113. What is the greatest common factor of a and 62?
31
Let f = 7 + 9. Let z = -34 - -68. Let k = 50 - z. Calculate the highest common divisor of k and f.
16
Suppose 4*k - 12 = -0*k. Calculate the greatest common factor of k and 3.
3
Suppose 0*r - 72 = -4*r. What is the highest common divisor of r and 27?
9
Let j be 1/(-1 - 0) - -4. Suppose -3*s = -3*d + 207, -2*d + j*s + 139 = -0*d. What is the highest common divisor of d and 17?
17
Suppose -3*c = -5*c + 24. Let o(s) = s + 7. Let m be o(-5). Suppose 5*f = m*f + 2*i + 13, -3*f = 2*i - 5. Calculate the greatest common factor of c and f.
3
Let y(c) = -c**3 + 2*c + 1. Let u be y(-2). What is the greatest common divisor of 25 and u?
5
Suppose -3*i + 4*i - 36 = 0. Let p = -22 + i. What is the greatest common divisor of 14 and p?
14
Let k be (-1 + 13)/((-86)/(-129)). What is the greatest common factor of 48 and k?
6
Let j = -137 + 151. Let i(a) = a - 2. Let f be i(3). Let p be 42/(-1*(-1)/f). What is the greatest common factor of j and p?
14
Let m be (-2 - -4)/(2 - 1). Calculate the greatest common divisor of m and 10.
2
Let j = 8 - -1. Calculate the greatest common divisor of j and 36.
9
Suppose 2 - 12 = -5*b. Suppose -2*u + 666 = 4*y + u, 0 = 2*u + 4. Suppose 0*w - 4*w + y = -4*m, b*w - m = 86. What is the greatest common factor of w and 11?
11
Suppose -3*j = 2*j. Suppose j*c = -c. Suppose c = 2*g + 3*z - 4, 0 = g - 6*g + 4*z + 10. What is the greatest common factor of g and 14?
2
Suppose 26 + 96 = 3*c - 2*s, 3*s = -4*c + 174. What is the greatest common divisor of 28 and c?
14
Let l = -16 + 14. Let s = 8 + l. What is the greatest common factor of s and 30?
6
Suppose l + 720 = 7*l. What is the highest common divisor of l and 48?
24
Suppose -14*k = -18*k + 64. Calculate the greatest common divisor of 64 and k.
16
Let b be 6/12 + (-42)/4. Let k = b + 16. Calculate the greatest common divisor of k and 6.
6
Let v be 70 - 1/(1/(-2)). Calculate the highest common factor of 8 and v.
8
Suppose -1 = 5*r - 81. Suppose 4*p - 425 = 279. What is the greatest common factor of r and p?
16
Suppose -29 = -3*v - 14. Calculate the greatest common factor of 15 and v.
5
Let v(k) = 5*k - 1. Let l be v(11). Let w = -32 + l. Calculate the greatest common factor of w and 55.
11
Let o be 99*((-3)/(-9) + 0 - -3). Calculate the greatest common divisor of o and 30.
30
Suppose 27*b - 304 = 23*b. Calculate the highest common factor of b and 19.
19
Suppose -4*c = -35 + 3. What is the highest common factor of c and 2?
2
Let t be (-14 + 1)/(-1) + -1. Let l be 8/(-6)*t/(-16). Calculate the greatest common factor of l and 9.
1
Suppose -5*q - i + 178 + 540 = 0, 0 = 3*q + 4*i - 424. Suppose -4*y = -2*y. Suppose y = 5*l - 19 - 61. What is the highest common factor of q and l?
16
Let n be 5*(-3)/(-6)*12. Calculate the highest common factor of 20 and n.
10
Suppose 2*r = -0*r + 3*w + 10, -w = 0. Suppose -4*o - 4 = -r*o. Let g be (-2 + 3 - 2)*-16. What is the highest common factor of g and o?
4
Let r be (((-26)/(-4) + -3)*-2)/(-1). Calculate the greatest common factor of r and 63.
7
Suppose -2*j = -5*j - 5*f + 11, 2*j - 8 = -3*f. Calculate the highest common factor of j and 105.
7
Suppose 5*r - 145 = -0*r - 5*t, 5*r - 157 = -t. Let b = r + -21. What is the highest common factor of b and 77?
11
Suppose -2*c + 5 = 2*k - 5, -5*c = 0. What is the highest common divisor of k and 45?
5
Let i(c) = -c**3 + 4*c + 1. Let d be i(-3). Let y be (d/(-1))/(-4) + 10. Suppose -t + 3 = 1. What is the greatest common divisor of y and t?
2
Let b be (-12)/(-8)*152/3. Let z = -41 + b. Suppose -3*g = t - 2*t - 17, 0 = -5*g - 4*t + 51. Calculate the highest common factor of z and g.
7
Suppose -5*v - 30 = -5*g, -2*g + 2*v - 3 = -3*g. Suppose -2*u = -g*u + 15. Let h = -7 - -12. What is the greatest common factor of u and h?
5
Suppose 0 = -k + 3*k + 2*g - 946, 4 = 2*g. Let v = k + -264. Let p(f) = 7*f**2 + 4*f + 3. Let t be p(-2). What is the greatest common factor of v and t?
23
Let q be 7/(-42) + 111/18. What is the highest common divisor of 24 and q?
6
Suppose -5*z = -2*z - 264. Calculate the highest common factor of z and 22.
22
Let d(c) = c**3 + 2*c**2 - c + 5. Let y be d(0). What is the highest common divisor of 35 and y?
5
Suppose -x - 13 = -3. Let d(a) = a**3 + 9*a**2 - 14*a + 8. Let q be d(x). What is the greatest common factor of 72 and q?
24
Suppose -n - 5*t = -8, 4*n - 5 = 4*t + 3. Let m be 1*n/((-3)/(-13)). Calculate the highest common divisor of m and 13.
13
Suppose 4*o + 2*n - 5*n - 23 = 0, -14 = -2*o + 2*n. Calculate the greatest common divisor of o and 18.
2
Let y(o) = -o**2 - 9*o. Let r be y(-4). Suppose 2*i + 16 = 4*i. Let f be 60/3*4/i. What is the highest common factor of f and r?
10
Let g be -3 - ((-2)/(-3))/((-8)/156). Calculate the highest common factor of 2 and g.
2
Suppose -1625 - 1075 = -6*u. Suppose 6*r - r - u = 0. What is the greatest common divisor of r and 18?
18
Suppose 4*k - 62 = 18. Suppose 0 = 7*u - 2*u + k. Let h = u + 5. Calculate the highest common divisor of 7 and h.
1
Let c be (-6)/(-1 + (-2)/(-6)). Suppose -3*j + 3*g + 14 = -4, c = 5*j + 2*g. Let t be ((-1)/(-2))/(14/84). What is the highest common divisor of t and j?
3
Suppose 0 = -15*t + 19*t - 32. Calculate the greatest common divisor of 16 and t.
8
Let i be 1/(-2) + 5/2. Let t be (-2 - 2)*i/(-4). Suppose -4*j - 308 = -t*v, 0*j + 3*j = 2*v - 308. What is the highest common divisor of v and 14?
14
Suppose 0 = 4*f - 9*f - 55. Let a = -2 - f. Calculate the highest common factor of 18 and a.
9
Suppose -5*b + 8 = -2. Suppose -47 = -b*u + 43. What is the greatest common factor of u and 9?
9
Let m be 1/(3 - (4 - 2)). Let i be m/(-4) + (-116)/(-16). Calculate the greatest common factor of 21 and i.
7
Suppose -7*x = -2*x + 115. Let j = 27 + x. Calculate the highest common divisor of j and 8.
4
Let b be (4/(-7))/(12/(-126)). Suppose -3*o - 3*w + 9 = -b*w, 2*o + 2*w - 26 = 0. What is the greatest common divisor of 80 and o?
8
Let m be (-5)/30 - 8858/(-12). Suppose 5*u - 2*g - m = -0*g, 0 = u - 3*g - 145. Calculate the highest common divisor of 37 and u.
37
Suppose -168 = -5*q - p + 77, 0 = 3*q + 4*p - 164. Calculate the highest common factor of q and 192.
48
Suppose 3*a = 6*a - 228. Suppose -l + 36 + 8 = 3*u, 4*u = 3*l + a. Calculate the greatest common divisor of 112 and u.
16
Suppose 4*t - 5*x = 2*t + 29, 4*x = -4*t + 100. What is the highest common divisor of t and 2?
2
Suppose -2*m - 44 = -2*p, p - 6*p = 2*m - 82. What is the highest common divisor of p and 54?
18
Suppose -o + 42 = 13. Suppose 3*m + o = 95. Let s = 74 + -41. Calculate the highest common divisor of s and m.
11
Let t be (-5)/((-20)/16)*2. Calculate the greatest common factor of 2 and t.
2
Let p be -27*-4*(-1)/(-6). Let u = p + 0. What is the highest common factor of 144 and u?
18
Suppose 7*s = 3*s + 400. Suppose -2*h + s = 2*h. What is the highest common divisor of h and 10?
5
Let z = -61 + 67. What is the greatest common factor of 4 and z?
2
Let b = 2 - -5. What is the greatest common factor of b and 21?
7
Let y = -32 + 18. Let a be (-102)/y - (-6)/(-21). Calculate the highest common divisor of a and 70.
7
Let c(v) = -v**2 - 3*v + 3. Let k be c(-4). Let a = 1 + k. Suppose a + 2 = o. Calculate the highest common factor of 1 and o.
1
Let u(z) = 49*z + 0 - 50*z + 1. Suppose n + 3*y + 20 = 0, 0 = -n - 0*n + y. Let l be u(n). Calculate the greatest common factor of 30 and l.
6
Let m = 41 - -19. Suppose z - 120 = -3*z. Let f = z + -15. Calculate the highest common divisor of f and m.
15
Suppose n - 3 - 2 = 0. Supp